 4. Let w = -10 + 4. What is q(w)?
4
Suppose 2*j = f - 9, 0 = -282*j + 286*j + f + 21. Let k(z) be the first derivative of z**2/2 - z - 1. Calculate k(j).
-6
Let d(x) = 6*x - 1. Let c(y) = -8 + 2 + 5 + 2. Let u(n) = -c(n) + d(n). Let t = -2 + 5. Determine u(t).
16
Let m(b) = 5*b**2 + 6*b + 2. Let a(c) = -27*c**2 - 29*c - 11. Let i(t) = 2*a(t) + 11*m(t). What is i(-7)?
-7
Let d(a) = -10*a + 100. Let g be d(10). Let y(m) = -m**3 + m**2 + m + 3. What is y(g)?
3
Suppose 0 = 4*w + 4*v - 9 - 15, 4*w + 1 = v. Let m(n) = n + 1. Determine m(w).
2
Let z(d) = 11*d**3. Let r = -36 + 40. Suppose 12 = r*b, 2*b - b = -4*v + 7. What is z(v)?
11
Suppose 5*l - 20 = 0, 0 = -6*g + 3*g - 3*l + 21. Let i(a) = 167*a**2 + 8 + a**g + a - 162*a**2 - 7*a. Suppose 7*d - 5*d + 12 = 0. Calculate i(d).
8
Suppose 3*d + 56 = d. Let f = -26 - d. Let w(r) = -5 + 6 + 3 + 3 - r**3 - r**f. What is w(0)?
7
Let s(n) = -4*n + 7*n - 12*n + 3 + 3*n. Determine s(2).
-9
Let x(c) = c**3 - 7*c**2 + 4*c. Let g be x(7). Let k = g + -21. Let u(s) = s**2 - 6*s + 1. What is u(k)?
8
Let k be (40/25)/(8/20). Suppose -k*r = 4*n - 28, 2*n - r - r = 6. Let u(m) be the first derivative of m**3/3 - 3*m**2 - 5*m + 3. Give u(n).
-10
Let b = 4334/3249 + -2/3249. Let x(w) be the third derivative of -13*w**2 + 0*w - 1/24*w**4 + 0 - b*w**3. What is x(-7)?
-1
Let p(a) = a**2 + 2*a - 11. Let t be p(-5). Let u be (-16)/6*(-6)/t. Let m(x) = 2 + u*x - 4*x - x. What is m(6)?
-4
Let j(d) = -42*d + 24. Let h(t) = -2*t + 1. Let y(k) = 24*h(k) - j(k). What is y(-4)?
24
Let z = -27 + 23. Let q be ((-2)/z)/(4/(-16)). Let k(l) = l**3 - l**2 - l + 1. Calculate k(q).
-9
Let o be 2/(2 - 27/12). Let u(g) = g**2 - 8*g + 3. Let j(b) = -b**2 - 1. Let c(q) = q**2 + 1. Let y(t) = -3*c(t) - 4*j(t). Let i(a) = -u(a) + 2*y(a). Give i(o).
-1
Let c(q) = 10*q + 3. Let s be (-19*(0 + 2))/((-5)/(-10)). Let x = s - -74. What is c(x)?
-17
Let v(u) = -15 + 0*u + u - 1. Suppose -x = -3*c + 4 + 8, -2*x + 16 = 4*c. What is v(x)?
-16
Let b be -12*-2*(-3)/(-12). Let c(n) = -n**2 + 4*n - b*n + n. Give c(0).
0
Let h(j) = -4*j**2 - 10*j + 4. Let x(a) = a**2 - 2*a - 1. Let f(z) = -2*z**2 + 5*z + 2. Let p(k) = 2*f(k) + 5*x(k). Let l(d) = -h(d) - 5*p(d). Calculate l(11).
-10
Let c(s) = -5*s + 12. Let g(v) = 11*v - 27. Let r(h) = 13*c(h) + 6*g(h). Calculate r(11).
5
Let s = -630 - -632. Let c(j) be the first derivative of 0*j**2 + s*j + 8 + 1/3*j**3. Give c(0).
2
Let c(p) be the first derivative of -7 - 1/3*p**3 - 3*p + 9/2*p**2. What is c(7)?
11
Suppose 91 = -2*u + 9*u. Let m(n) = u*n**3 - 14*n**3 - 2 - 7*n**2 - n + 6*n**2. Calculate m(2).
-16
Suppose 6*l - 10 = -40. Let m(n) = n**3 + 4*n**2 - 7*n - 2. What is m(l)?
8
Suppose -3*u - 16 = 9*a - 10*a, 0 = 4*a + 5*u - 13. Let b(q) = -q**2 + 10*q - 7. Determine b(a).
14
Let v(x) = -x + 1446 - 1446. Let i(o) = -o + 2. Let h be i(0). Determine v(h).
-2
Let m(k) = -234*k - 7. Let u be m(-10). Let x(r) = -r**3 + 3 - u*r + 2*r**3 - 3*r**2 + 2333*r. Determine x(3).
3
Let o(q) = q**3 - 6*q**2 + 3*q + 4. Let s = 82 - 187. Let u = -100 - s. Calculate o(u).
-6
Suppose 19*w = -84 - 11. Let z = 2 + -2. Let b = w + z. Let n(o) = -o**2 - 7*o - 2. Determine n(b).
8
Let o(k) = k - 5. Let a = -9 - 8. Let w = a - -20. Suppose 2*r + 8 = -z, 3*z + w + 15 = -5*r. Give o(r).
-11
Let x(w) = 3*w**2 - 1. Let a(d) = -16*d**2 - d + 4. Let m(u) = 2*a(u) + 11*x(u). What is m(-2)?
5
Let q(g) = -g**2 + 8*g + 5. Let n be q(0). Let j(l) = -3*l + 16. Calculate j(n).
1
Let w(s) = 8*s - 3. Let y = 1000 - 996. Calculate w(y).
29
Suppose 9 = -2*n - n, -3*n + 18 = -s. Let m be (-2)/(9/s - (-1)/(-6)). Let q(y) = y**3 - 5*y**2 + y. Calculate q(m).
-12
Let i(a) = a**3 - 6*a**2 + 2*a + 4. Let b be (3 + -4)*(-120)/6. Let o be ((-30)/b)/(3/(-10)). Calculate i(o).
-11
Let u be 2 + 4 - (-19 + 20). Let r(t) = -t**2 + 3*t + 7. Give r(u).
-3
Let k(o) = -2*o**2 + o**2 + o + 0*o. Suppose -i - l + 21 = -6*l, -2*i - l = 2. Let j = i + 3. Determine k(j).
-12
Let a(i) = -5*i**2 - 3*i. Let j = 19 + -45. Let p = 24 + j. Give a(p).
-14
Let j(d) be the first derivative of 7*d**2/2 - 1. Let a = 220 + -223. Calculate j(a).
-21
Let u = 2113 + -2104. Let v(i) be the first derivative of -i**3/3 + 7*i**2/2 + 5*i + 1. What is v(u)?
-13
Let l(k) = k**2 + 3. Let c(t) = -9 + t - 3*t + 0*t + t. Let m be c(-9). Give l(m).
3
Let i(k) = k**3 + 2*k**2 - 1. Suppose 75 + 9 = 6*g. Let y = g - 16. Give i(y).
-1
Suppose -5*j + 7 = 4*p, -3*j + 5*p = 10*p + 1. Let r(w) = 2*w**2 - 8*w - 2. Determine r(j).
-8
Suppose -2*c + 14 = 4*u, u + 4 + 3 = -4*c. Suppose u*v = 3*v - 6. Let f(o) = -4*o - 4. Calculate f(v).
8
Let g(n) be the third derivative of n**6/60 + n**5/30 - n**4/12 - n**3/6 - n**2. Let l = 3239 + -3241. What is g(l)?
-5
Let q be 2/(6/(-27)) + 9. Let x(j) be the second derivative of -1/6*j**3 + 1/2*j**2 - 8*j + q. Give x(-4).
5
Let c(g) = 7*g - 1. Let t be 1 + 1 + -1 + 0. Let b(f) = -1 - 430*f**2 - 4*f + 429*f**2 + 3*f. Let y(m) = t*c(m) + b(m). Give y(5).
3
Let m(s) = -66*s - 45. Let u(b) = -34*b - 19. Let o(w) = 3*m(w) - 7*u(w). What is o(1)?
38
Let k(f) = f**3 + 40*f**2 + 39*f - 7. Let o be k(-39). Let t(r) = r**2 + 5*r - 22. Calculate t(o).
-8
Let o(q) = q - 7. Let j(n) = 3*n - 21. Let b(x) = -3*j(x) + 8*o(x). Let i be (-32)/(-12)*(-9)/(-4). Calculate b(i).
1
Let v(b) = -b + 12. Let f(j) = 4*j - 36. Let i(u) = 2*f(u) + 7*v(u). Determine i(6).
18
Let h(j) = -j**3 + 6*j**2 + 15*j - 92. Let i be h(6). Let r(g) = g**3 - g**2 - g - 1. Determine r(i).
-11
Let z(f) = -f**3 + f. Let r(c) = c**2 + 3*c + 2. Let j be r(-2). Suppose d + j = -2. Determine z(d).
6
Suppose -429 = 8*l - 61. Let m = -45 - l. Let y(w) = -w**3 - w + 1. Calculate y(m).
-1
Let h(c) = 265*c - c**3 - 273*c + 5 + 7*c**2 - 2. Let t(b) = b**3 + 6*b**2 + 5*b. Let m be t(-4). Suppose -d - 7 = f - 5*d, -3*f + d = -m. Calculate h(f).
13
Let k(i) = i**3 + 4*i**2 + 7*i + 8. Suppose 28 = -4*h + 4*t, 0 = 2*h + 2*t + 13 - 15. What is k(h)?
-4
Let z(o) = -o**2 + 6*o + 4. Suppose 5*s = 5*f - 0*s - 35, 3*f = -3*s + 15. Let k = f + 1. Give z(k).
-3
Let a be (-19)/4*-2 + 12/8. Suppose -a = -5*y + 19. Let g(t) = -16*t + 76. Let v(q) = 3*q - 15. Let m(s) = -2*g(s) - 11*v(s). Give m(y).
7
Let s(i) be the second derivative of 1/2*i**3 - 3/2*i**2 - 6*i + 0. Determine s(3).
6
Let k(a) = -a**3 + a**2 + 2*a + 1. Suppose 0 = 4*d + 90 - 10. Let s be (-196)/d - (-3)/15. Let h = s + -11. Calculate k(h).
1
Let t(i) be the second derivative of 0 - i**3 - 7/2*i**2 + 15*i + 5/12*i**4 + 1/20*i**5. What is t(-6)?
-7
Let s(o) = -5*o + 2. Let t(n) = -7*n + 1. Let c(j) = -j - 4*j + 6*j. Let w(x) = 6*c(x) + t(x). Let d(b) = -s(b) + 2*w(b). Give d(3).
9
Let c(p) = -2*p**2 - 25*p - 15. Let y = -1878 - -1866. Give c(y).
-3
Let g(t) be the first derivative of -5*t**3/3 + t**2 + t + 2. Let d = 218 + -219. Calculate g(d).
-6
Let a(i) be the first derivative of 11/3*i**3 - 54 + 13*i + i**2 + 1/4*i**4. Give a(-11).
-9
Let a(b) = -4*b**2 + 10*b - 9. Let w(g) = 7*g**2 - 20*g + 17. Let i(f) = -5*a(f) - 3*w(f). Calculate i(10).
-6
Let h(p) = 19*p. Suppose 11 + 34 = 5*j. Suppose 5*s - j = -14. Give h(s).
-19
Let s(i) = 6 + 10 + i + 6 - 13 - 2. Determine s(8).
15
Let i = -12 + 7. Let v(z) = 0*z - 2 + 0 + 4*z - 7*z. Determine v(i).
13
Let p(r) be the second derivative of 2*r**3/3 + 3*r**2/2 + 13*r. Give p(-1).
-1
Let r(m) be the second derivative of m**4/6 + m**3 + 5*m**2/2 - 3*m. Let g be r(-3). Let a(d) = g*d**2 + 1 - 7 - 6*d - 5*d**2 - d**2. What is a(-4)?
2
Let r(v) = 262*v + 2*v**2 + 4 - 4 - 258*v. Let d be (1/2)/((-1)/(-6)). Suppose -c + 2*c = -d. What is r(c)?
6
Let w(v) = 8*v**3 + 2*v**2 - 7*v + 12. Let g(z) = -7*z**3 - 2*z**2 + 6*z - 10. Let k(j) = 6*g(j) + 5*w(j). What is k(-2)?
6
Let i be 2556/21 - 6/(-21). Let k(j) = -2*j**2 + i + 3*j**2 - 125. Determine k(3).
6
Let o(p) = p + 13. Let m(k) = 0*k + 2*k - k + 20. Suppose 7*v + 14 = 49. Let s(d) = v*m(d) - 8*o(d). What is s(-3)?
5
Let k(b) = 3*b + 1. Suppose 18*w - 27 = 9*w. Determine k(w).
10
Let w(b) = -7*b - 176. Let z be w(-24). Let o(m) = m**2 + 5*m - 18. What is o(z)?
6
Suppose -3*f = -5*k + 8, -5*k + f + 25 = 9. Let l(n) = -n**3 - n**2 - n + 8. Let p(v) = -v**3 - 2*v**2 - v + 9. Let s(c) = -6*l(c) + 5*p(c). Determine s(k).
1
Let y(i) be the second derivative of -i**4/12 + 5*i**3/6 + i**2 - i. Su